{"id":6,"date":"2023-05-19T19:29:54","date_gmt":"2023-05-19T22:29:54","guid":{"rendered":"https:\/\/redepermacultura.ufsc.br\/revistapermacultura\/?page_id=6"},"modified":"2023-05-19T19:43:26","modified_gmt":"2023-05-19T22:43:26","slug":"atual","status":"publish","type":"page","link":"https:\/\/redepermacultura.ufsc.br\/revistaperma\/","title":{"rendered":"Atual"},"content":{"rendered":"<p>  <div class=\"issuem_articles_shortcode\"><div class=\"issuem_article article-528\">\n<p class=\"issuem_article_category\">Relato de Experi\u00eancia<\/p>\r\n<p><a class=\"issuem_article_link\" href=\"https:\/\/redepermacultura.ufsc.br\/revistaperma\/article\/permacultura-na-escola-publica-uma-experiencia-em-ecoformacao\/\">Permacultura na Escola p\u00fablica: uma experi\u00eancia em Ecoforma\u00e7\u00e3o<\/a><\/p>\r\n<p class=\"issuem_article_content\">Permaculture in public School: an experience in Ecoformation VASQUES, Marjorie1; PUKALL, Jeane2 Submetido em 31mai2025. Aceito em 23set2025.Revis\u00e3o por Leila Paiter e Ma\u00edra Figueiredo Goularthttps:\/\/doi.org\/10.5281\/zenodo.17617302 Resumo: A pesquisa buscou congru\u00eancias pragm\u00e1ticas e metodol\u00f3gicas entre Permacultura e Ecoforma\u00e7\u00e3o. O objetivo foi identificar fatores na escola que promovam projetos de Permacultura aliados \u00e0 Ecoforma\u00e7\u00e3o, e despertam uma [...]<\/p>\r\n<p class=\"issuem_article_byline\">By <\/p>\r\n\n<\/div><div class=\"issuem_article article-547\">\n<p class=\"issuem_article_category\">Artigo cient\u00edfico<\/p>\r\n<p><a class=\"issuem_article_link\" href=\"https:\/\/redepermacultura.ufsc.br\/revistaperma\/article\/interfaces-entre-permacultura-promocao-da-saude-e-saude-planetaria-no-contexto-da-saude-coletiva-no-brasil\/\">Interfaces entre Permacultura, Promo\u00e7\u00e3o da Sa\u00fade e Sa\u00fade Planet\u00e1ria no contexto da Sa\u00fade Coletiva no Brasil<\/a><\/p>\r\n<p class=\"issuem_article_content\">Interfaces between Permaculture, Health Promotion and Planetary Health in the context of Public Health in Brazil DAUSSY, Maria Francisca dos Santos1; \u00a0PEREIRA, Ant\u00f4nio Augusto Alves2; PELLON, Luiz Henrique Chad3; FLOSS, Mayara4 Submetido em 31mai2025. Aceito em 26set2025.Revis\u00e3o por Yasmin Monteiro e Vanessa Resciahttps:\/\/doi.org\/10.5281\/zenodo.17413280 Resumo Texto te\u00f3rico reflexivo sobre as interfaces entre Permacultura, Promo\u00e7\u00e3o da Sa\u00fade [...]<\/p>\r\n<p class=\"issuem_article_byline\">By <\/p>\r\n\n<\/div><div class=\"issuem_article article-566\">\n<p class=\"issuem_article_category\">Artigo cient\u00edfico<\/p>\r\n<p><a class=\"issuem_article_link\" href=\"https:\/\/redepermacultura.ufsc.br\/revistaperma\/article\/e31202506\/\">A permacultura como estrat\u00e9gia para recupera\u00e7\u00e3o e ressurg\u00eancias de paisagens humanas e n\u00e3o humanas na era das muta\u00e7\u00f5es clim\u00e1ticas<\/a><\/p>\r\n<p class=\"issuem_article_content\">Permaculture as a strategy for the recovery and resurgences of human and non-human landscapes in the age of climate mutations Francisca Pereira dos Santos1Submetido em 31mai2025. Aceito em 3dez2025Revis\u00e3o por Adriana Angelita Concei\u00e7\u00e3o e Arthur NanniDOI: https:\/\/doi.org\/10.5281\/zenodo.17956091 Resumo Apresento nesse di\u00e1logo historiogr\u00e1fico, o contexto, os desdobramentos e as proposi\u00e7\u00f5es que explicam a emerg\u00eancia da Permacultura. [...]<\/p>\r\n<p class=\"issuem_article_byline\">By <\/p>\r\n\n<\/div><div class=\"issuem_article article-420\">\n<p class=\"issuem_article_category\">Nota t\u00e9cnica<\/p>\r\n<p><a class=\"issuem_article_link\" href=\"https:\/\/redepermacultura.ufsc.br\/revistaperma\/article\/e31202501\/\">TERRA &#8211; uma abordagem permacultural para res\u00edduos s\u00f3lidos rurais<\/a><\/p>\r\n<p class=\"issuem_article_content\">Essa nota permacultural traz uma abordagem permacultural para a gest\u00e3o de res\u00edduos s\u00f3lidos rurais. Prop\u00f5e-se o uso da palavra TERRA para guiar sobre a gest\u00e3o desses, onde cada uma de suas letras indica a\u00e7\u00f5es que envolvem sua transforma\u00e7\u00e3o, seu encaminhamento, a recusa e o repensar, reciclar e aproveitar. Uma sinaliza\u00e7\u00e3o semaf\u00f3rica \u00e9 proposta nas figuras, [...]<\/p>\r\n<p class=\"issuem_article_byline\">By <\/p>\r\n\n<\/div><div class=\"issuem_article article-496\">\n<p class=\"issuem_article_category\">Relato de Experi\u00eancia<\/p>\r\n<p><a class=\"issuem_article_link\" href=\"https:\/\/redepermacultura.ufsc.br\/revistaperma\/article\/relato-de-experiencia-podcast-sobre-permacultura-para-fomentar-politicas-publicas-de-eficiencia-energetica\/\">Relato de experi\u00eancia: podcast sobre permacultura para fomentar pol\u00edticas p\u00fablicas de efici\u00eancia energ\u00e9tica<\/a><\/p>\r\n<p class=\"issuem_article_content\">Experience report: a podcast on permaculture to promote public energy efficiency policies FERREIRA, Patricia Abade1; MADRUGA, K\u00e1tia Cilene Rodrigues2, KN\u00d6PKER, M\u00f4nica3 Submetido em 31mai2025. Aceito em 16out2025.Revis\u00e3o por Antonio Augusto Alves Pereira e Elias Ribeiro de Arruda Juniorhttps:\/\/doi.org\/10.5281\/zenodo.17408198 Resumo: Em tempos de grande consumo energ\u00e9tico, o planejamento e a efici\u00eancia energ\u00e9tica s\u00e3o essenciais. A permacultura [...]<\/p>\r\n<p class=\"issuem_article_byline\">By <\/p>\r\n\n<\/div><div class=\"issuem_article article-509\">\n<p class=\"issuem_article_category\">Comunica\u00e7\u00e3o<\/p>\r\n<p><a class=\"issuem_article_link\" href=\"https:\/\/redepermacultura.ufsc.br\/revistaperma\/article\/artigo-de-opiniao\/\">A cultura permanente da \u00e1gua na vis\u00e3o de Viktor Schauberger<\/a><\/p>\r\n<p class=\"issuem_article_content\">Water and permaculture in Viktor Schauberger\u2019s vision FIGUEIRA, Felipe1 Submetido em 29mai2025, Aceito em 3nov2025Revis\u00e3o por Gabriela de Toledo e Tatsuo ShuboDOI: https:\/\/doi.org\/10.5281\/zenodo.17586952 Resumo: Este artigo revisita a obra \u201cThe Water Wizard\u201d, do naturalista austr\u00edaco Viktor Schauberger, e discute suas reflex\u00f5es sobre a \u00e1gua, que antecipam princ\u00edpios contempor\u00e2neos da ecologia e da permacultura. Suas observa\u00e7\u00f5es [...]<\/p>\r\n<p class=\"issuem_article_byline\">By <\/p>\r\n\n<\/div><\/div><\/p>\n","protected":false},"excerpt":{"rendered":"<p>Relato de Experi\u00eancia Permacultura na Escola p\u00fablica: uma experi\u00eancia em Ecoforma\u00e7\u00e3o Permaculture in public School: an experience in Ecoformation VASQUES, Marjorie1; PUKALL, Jeane2 Submetido em 31mai2025. Aceito em 23set2025.Revis\u00e3o por Leila Paiter e Ma\u00edra Figueiredo Goularthttps:\/\/doi.org\/10.5281\/zenodo.17617302 Resumo: A pesquisa buscou congru\u00eancias pragm\u00e1ticas e metodol\u00f3gicas entre Permacultura e Ecoforma\u00e7\u00e3o. O objetivo foi identificar fatores na escola [&hellip;]<\/p>\n","protected":false},"author":1,"featured_media":0,"parent":0,"menu_order":0,"comment_status":"closed","ping_status":"closed","template":"","meta":{"footnotes":""},"coauthors":[2],"class_list":["post-6","page","type-page","status-publish","hentry"],"_links":{"self":[{"href":"https:\/\/redepermacultura.ufsc.br\/revistaperma\/wp-json\/wp\/v2\/pages\/6","targetHints":{"allow":["GET"]}}],"collection":[{"href":"https:\/\/redepermacultura.ufsc.br\/revistaperma\/wp-json\/wp\/v2\/pages"}],"about":[{"href":"https:\/\/redepermacultura.ufsc.br\/revistaperma\/wp-json\/wp\/v2\/types\/page"}],"author":[{"embeddable":true,"href":"https:\/\/redepermacultura.ufsc.br\/revistaperma\/wp-json\/wp\/v2\/users\/1"}],"replies":[{"embeddable":true,"href":"https:\/\/redepermacultura.ufsc.br\/revistaperma\/wp-json\/wp\/v2\/comments?post=6"}],"version-history":[{"count":2,"href":"https:\/\/redepermacultura.ufsc.br\/revistaperma\/wp-json\/wp\/v2\/pages\/6\/revisions"}],"predecessor-version":[{"id":15,"href":"https:\/\/redepermacultura.ufsc.br\/revistaperma\/wp-json\/wp\/v2\/pages\/6\/revisions\/15"}],"wp:attachment":[{"href":"https:\/\/redepermacultura.ufsc.br\/revistaperma\/wp-json\/wp\/v2\/media?parent=6"}],"wp:term":[{"taxonomy":"author","embeddable":true,"href":"https:\/\/redepermacultura.ufsc.br\/revistaperma\/wp-json\/wp\/v2\/coauthors?post=6"}],"curies":[{"name":"wp","href":"https:\/\/api.w.org\/{rel}","templated":true}]}}

<p>  <div class="issuem_articles_shortcode"><div class="issuem_article article-528">
<p class="issuem_article_category">Relato de Experiência</p>
<p><a class="issuem_article_link" href="https://redepermacultura.ufsc.br/revistaperma/article/permacultura-na-escola-publica-uma-experiencia-em-ecoformacao/">Permacultura na Escola pública: uma experiência em Ecoformação</a></p>
<p class="issuem_article_content">Permaculture in public School: an experience in Ecoformation VASQUES, Marjorie1; PUKALL, Jeane2 Submetido em 31mai2025. Aceito em 23set2025.Revisão por Leila Paiter e Maíra Figueiredo Goularthttps://doi.org/10.5281/zenodo.17617302 Resumo: A pesquisa buscou congruências pragmáticas e metodológicas entre Permacultura e Ecoformação. O objetivo foi identificar fatores na escola que promovam projetos de Permacultura aliados à Ecoformação, e despertam uma [...]</p>
<p class="issuem_article_byline">By </p>

</div><div class="issuem_article article-547">
<p class="issuem_article_category">Artigo científico</p>
<p><a class="issuem_article_link" href="https://redepermacultura.ufsc.br/revistaperma/article/interfaces-entre-permacultura-promocao-da-saude-e-saude-planetaria-no-contexto-da-saude-coletiva-no-brasil/">Interfaces entre Permacultura, Promoção da Saúde e Saúde Planetária no contexto da Saúde Coletiva no Brasil</a></p>
<p class="issuem_article_content">Interfaces between Permaculture, Health Promotion and Planetary Health in the context of Public Health in Brazil DAUSSY, Maria Francisca dos Santos1;  PEREIRA, Antônio Augusto Alves2; PELLON, Luiz Henrique Chad3; FLOSS, Mayara4 Submetido em 31mai2025. Aceito em 26set2025.Revisão por Yasmin Monteiro e Vanessa Resciahttps://doi.org/10.5281/zenodo.17413280 Resumo Texto teórico reflexivo sobre as interfaces entre Permacultura, Promoção da Saúde [...]</p>
<p class="issuem_article_byline">By </p>

</div><div class="issuem_article article-566">
<p class="issuem_article_category">Artigo científico</p>
<p><a class="issuem_article_link" href="https://redepermacultura.ufsc.br/revistaperma/article/e31202506/">A permacultura como estratégia para recuperação e ressurgências de paisagens humanas e não humanas na era das mutações climáticas</a></p>
<p class="issuem_article_content">Permaculture as a strategy for the recovery and resurgences of human and non-human landscapes in the age of climate mutations Francisca Pereira dos Santos1Submetido em 31mai2025. Aceito em 3dez2025Revisão por Adriana Angelita Conceição e Arthur NanniDOI: https://doi.org/10.5281/zenodo.17956091 Resumo Apresento nesse diálogo historiográfico, o contexto, os desdobramentos e as proposições que explicam a emergência da Permacultura. [...]</p>
<p class="issuem_article_byline">By </p>

</div><div class="issuem_article article-420">
<p class="issuem_article_category">Nota técnica</p>
<p><a class="issuem_article_link" href="https://redepermacultura.ufsc.br/revistaperma/article/e31202501/">TERRA &#8211; uma abordagem permacultural para resíduos sólidos rurais</a></p>
<p class="issuem_article_content">Essa nota permacultural traz uma abordagem permacultural para a gestão de resíduos sólidos rurais. Propõe-se o uso da palavra TERRA para guiar sobre a gestão desses, onde cada uma de suas letras indica ações que envolvem sua transformação, seu encaminhamento, a recusa e o repensar, reciclar e aproveitar. Uma sinalização semafórica é proposta nas figuras, [...]</p>
<p class="issuem_article_byline">By </p>

</div><div class="issuem_article article-496">
<p class="issuem_article_category">Relato de Experiência</p>
<p><a class="issuem_article_link" href="https://redepermacultura.ufsc.br/revistaperma/article/relato-de-experiencia-podcast-sobre-permacultura-para-fomentar-politicas-publicas-de-eficiencia-energetica/">Relato de experiência: podcast sobre permacultura para fomentar políticas públicas de eficiência energética</a></p>
<p class="issuem_article_content">Experience report: a podcast on permaculture to promote public energy efficiency policies FERREIRA, Patricia Abade1; MADRUGA, Kátia Cilene Rodrigues2, KNÖPKER, Mônica3 Submetido em 31mai2025. Aceito em 16out2025.Revisão por Antonio Augusto Alves Pereira e Elias Ribeiro de Arruda Juniorhttps://doi.org/10.5281/zenodo.17408198 Resumo: Em tempos de grande consumo energético, o planejamento e a eficiência energética são essenciais. A permacultura [...]</p>
<p class="issuem_article_byline">By </p>

</div><div class="issuem_article article-509">
<p class="issuem_article_category">Comunicação</p>
<p><a class="issuem_article_link" href="https://redepermacultura.ufsc.br/revistaperma/article/artigo-de-opiniao/">A cultura permanente da água na visão de Viktor Schauberger</a></p>
<p class="issuem_article_content">Water and permaculture in Viktor Schauberger’s vision FIGUEIRA, Felipe1 Submetido em 29mai2025, Aceito em 3nov2025Revisão por Gabriela de Toledo e Tatsuo ShuboDOI: https://doi.org/10.5281/zenodo.17586952 Resumo: Este artigo revisita a obra “The Water Wizard”, do naturalista austríaco Viktor Schauberger, e discute suas reflexões sobre a água, que antecipam princípios contemporâneos da ecologia e da permacultura. Suas observações [...]</p>
<p class="issuem_article_byline">By </p>

</div></div></p>

<p>Relato de Experiência Permacultura na Escola pública: uma experiência em Ecoformação Permaculture in public School: an experience in Ecoformation VASQUES, Marjorie1; PUKALL, Jeane2 Submetido em 31mai2025. Aceito em 23set2025.Revisão por Leila Paiter e Maíra Figueiredo Goularthttps://doi.org/10.5281/zenodo.17617302 Resumo: A pesquisa buscou congruências pragmáticas e metodológicas entre Permacultura e Ecoformação. O objetivo foi identificar fatores na escola [&hellip;]</p>
