{"id":696,"date":"2024-11-04T10:10:25","date_gmt":"2024-11-04T13:10:25","guid":{"rendered":"https:\/\/redepermacultura.ufsc.br\/permabrasuca\/?page_id=696"},"modified":"2025-04-24T19:16:31","modified_gmt":"2025-04-24T22:16:31","slug":"saude","status":"publish","type":"page","link":"https:\/\/redepermacultura.ufsc.br\/permabrasuca\/arranjos-sociais\/saude\/","title":{"rendered":"Sa\u00fade"},"content":{"rendered":"\n<div class=\"wp-block-group is-nowrap is-layout-flex wp-container-core-group-is-layout-ad2f72ca wp-block-group-is-layout-flex\">\n<figure class=\"wp-block-image\"><img decoding=\"async\" width=\"67\" height=\"59\" src=\"https:\/\/redepermacultura.ufsc.br\/permabrasuca\/wp-content\/uploads\/sites\/6\/2025\/04\/em_desenvolvimento.png\" alt=\"\" class=\"wp-image-1183\"\/><\/figure>\n\n\n\n<h2 class=\"wp-block-heading\">Conte\u00fado em prepara\u00e7\u00e3o \u2013 aguarde<\/h2>\n<\/div>\n","protected":false},"excerpt":{"rendered":"<p>Conte\u00fado em prepara\u00e7\u00e3o \u2013 aguarde<\/p>\n","protected":false},"author":1,"featured_media":0,"parent":43,"menu_order":0,"comment_status":"closed","ping_status":"closed","template":"","meta":{"footnotes":""},"coauthors":[2],"class_list":["post-696","page","type-page","status-publish","hentry"],"_links":{"self":[{"href":"https:\/\/redepermacultura.ufsc.br\/permabrasuca\/wp-json\/wp\/v2\/pages\/696","targetHints":{"allow":["GET"]}}],"collection":[{"href":"https:\/\/redepermacultura.ufsc.br\/permabrasuca\/wp-json\/wp\/v2\/pages"}],"about":[{"href":"https:\/\/redepermacultura.ufsc.br\/permabrasuca\/wp-json\/wp\/v2\/types\/page"}],"author":[{"embeddable":true,"href":"https:\/\/redepermacultura.ufsc.br\/permabrasuca\/wp-json\/wp\/v2\/users\/1"}],"replies":[{"embeddable":true,"href":"https:\/\/redepermacultura.ufsc.br\/permabrasuca\/wp-json\/wp\/v2\/comments?post=696"}],"version-history":[{"count":2,"href":"https:\/\/redepermacultura.ufsc.br\/permabrasuca\/wp-json\/wp\/v2\/pages\/696\/revisions"}],"predecessor-version":[{"id":1289,"href":"https:\/\/redepermacultura.ufsc.br\/permabrasuca\/wp-json\/wp\/v2\/pages\/696\/revisions\/1289"}],"up":[{"embeddable":true,"href":"https:\/\/redepermacultura.ufsc.br\/permabrasuca\/wp-json\/wp\/v2\/pages\/43"}],"wp:attachment":[{"href":"https:\/\/redepermacultura.ufsc.br\/permabrasuca\/wp-json\/wp\/v2\/media?parent=696"}],"wp:term":[{"taxonomy":"author","embeddable":true,"href":"https:\/\/redepermacultura.ufsc.br\/permabrasuca\/wp-json\/wp\/v2\/coauthors?post=696"}],"curies":[{"name":"wp","href":"https:\/\/api.w.org\/{rel}","templated":true}]}}

Saúde

<div class="wp-block-group is-nowrap is-layout-flex wp-container-core-group-is-layout-ad2f72ca wp-block-group-is-layout-flex">
<figure class="wp-block-image"><img decoding="async" width="67" height="59" src="https://redepermacultura.ufsc.br/permabrasuca/wp-content/uploads/sites/6/2025/04/em_desenvolvimento.png" alt="" class="wp-image-1183"/></figure>



<h2 class="wp-block-heading">Conteúdo em preparação – aguarde</h2>
</div>

<p>Conteúdo em preparação – aguarde</p>
