{"id":49,"date":"2021-11-29T12:18:33","date_gmt":"2021-11-29T15:18:33","guid":{"rendered":"http:\/\/redepermacultura.ufsc.br\/permaculturabrasileira\/?page_id=49"},"modified":"2025-09-30T18:38:50","modified_gmt":"2025-09-30T21:38:50","slug":"planejamentos-para-eventos-extremos","status":"publish","type":"page","link":"https:\/\/redepermacultura.ufsc.br\/permabrasuca\/arranjos-sociais\/planejamentos-para-eventos-extremos\/","title":{"rendered":"Planejamento para eventos extremos"},"content":{"rendered":"\n<div class=\"wp-block-group is-nowrap is-layout-flex wp-container-core-group-is-layout-ad2f72ca wp-block-group-is-layout-flex\">\n<p class=\"has-small-font-size\">Atualizado em<\/p>\n\n\n<div class=\"wp-block-post-date__modified-date wp-block-post-date has-small-font-size\"><time datetime=\"2025-09-30T18:38:50-03:00\">30 de setembro de 2025<\/time><\/div><\/div>\n\n\n\n<p class=\"has-text-align-right\"><em>Arthur Nanni<\/em><\/p>\n\n\n\n<p>O planejamento para eventos extremos na permacultura est\u00e1 alicer\u00e7ado nas manifesta\u00e7\u00f5es dos quatro elementos naturais e, no quinto elemento, que compreende os humanos:<\/p>\n\n\n\n<ul class=\"wp-block-list\">\n<li>Terra &#8211; manifesta\u00e7\u00f5es geol\u00f3gicas<\/li>\n\n\n\n<li>\u00c1gua &#8211; hidrosfera<\/li>\n\n\n\n<li><a href=\"https:\/\/redepermacultura.ufsc.br\/permabrasuca\/arranjos-sociais\/planejamentos-para-eventos-extremos\/elemento-fogo\/\">Fogo<\/a> &#8211; combust\u00e3o, queima e calor<\/li>\n\n\n\n<li>Ar &#8211; fluxos atmosf\u00e9ricos<\/li>\n\n\n\n<li>Humanos &#8211; a\u00e7\u00f5es antr\u00f3picas<\/li>\n<\/ul>\n\n\n\n<p>A manifesta\u00e7\u00e3o de eventos extremos pode estar associada a um ou mais elementos naturais e a intensidade do evento depender\u00e1 da amplitude de potencial da troca energ\u00e9tica. Entenda melhor sobre como a permacultura pensa o <a href=\"https:\/\/redepermacultura.ufsc.br\/permabrasuca\/eventos-extremos\/\">planejamento para eventos extremos<\/a>.<\/p>\n","protected":false},"excerpt":{"rendered":"<p>Atualizado em Arthur Nanni O planejamento para eventos extremos na permacultura est\u00e1 alicer\u00e7ado nas manifesta\u00e7\u00f5es dos quatro elementos naturais e, no quinto elemento, que compreende os humanos: A manifesta\u00e7\u00e3o de eventos extremos pode estar associada a um ou mais elementos naturais e a intensidade do evento depender\u00e1 da amplitude de potencial da troca energ\u00e9tica. Entenda [&hellip;]<\/p>\n","protected":false},"author":1,"featured_media":0,"parent":43,"menu_order":3,"comment_status":"closed","ping_status":"closed","template":"","meta":{"footnotes":""},"coauthors":[2],"class_list":["post-49","page","type-page","status-publish","hentry"],"_links":{"self":[{"href":"https:\/\/redepermacultura.ufsc.br\/permabrasuca\/wp-json\/wp\/v2\/pages\/49","targetHints":{"allow":["GET"]}}],"collection":[{"href":"https:\/\/redepermacultura.ufsc.br\/permabrasuca\/wp-json\/wp\/v2\/pages"}],"about":[{"href":"https:\/\/redepermacultura.ufsc.br\/permabrasuca\/wp-json\/wp\/v2\/types\/page"}],"author":[{"embeddable":true,"href":"https:\/\/redepermacultura.ufsc.br\/permabrasuca\/wp-json\/wp\/v2\/users\/1"}],"replies":[{"embeddable":true,"href":"https:\/\/redepermacultura.ufsc.br\/permabrasuca\/wp-json\/wp\/v2\/comments?post=49"}],"version-history":[{"count":12,"href":"https:\/\/redepermacultura.ufsc.br\/permabrasuca\/wp-json\/wp\/v2\/pages\/49\/revisions"}],"predecessor-version":[{"id":1683,"href":"https:\/\/redepermacultura.ufsc.br\/permabrasuca\/wp-json\/wp\/v2\/pages\/49\/revisions\/1683"}],"up":[{"embeddable":true,"href":"https:\/\/redepermacultura.ufsc.br\/permabrasuca\/wp-json\/wp\/v2\/pages\/43"}],"wp:attachment":[{"href":"https:\/\/redepermacultura.ufsc.br\/permabrasuca\/wp-json\/wp\/v2\/media?parent=49"}],"wp:term":[{"taxonomy":"author","embeddable":true,"href":"https:\/\/redepermacultura.ufsc.br\/permabrasuca\/wp-json\/wp\/v2\/coauthors?post=49"}],"curies":[{"name":"wp","href":"https:\/\/api.w.org\/{rel}","templated":true}]}}

<div class="wp-block-group is-nowrap is-layout-flex wp-container-core-group-is-layout-ad2f72ca wp-block-group-is-layout-flex">
<p class="has-small-font-size">Atualizado em</p>


<div class="wp-block-post-date__modified-date wp-block-post-date has-small-font-size"><time datetime="2025-09-30T18:38:50-03:00">30 de setembro de 2025</time></div></div>



<p class="has-text-align-right"><em>Arthur Nanni</em></p>



<p>O planejamento para eventos extremos na permacultura está alicerçado nas manifestações dos quatro elementos naturais e, no quinto elemento, que compreende os humanos:</p>



<ul class="wp-block-list">
<li>Terra &#8211; manifestações geológicas</li>



<li>Água &#8211; hidrosfera</li>



<li><a href="https://redepermacultura.ufsc.br/permabrasuca/arranjos-sociais/planejamentos-para-eventos-extremos/elemento-fogo/">Fogo</a> &#8211; combustão, queima e calor</li>



<li>Ar &#8211; fluxos atmosféricos</li>



<li>Humanos &#8211; ações antrópicas</li>
</ul>



<p>A manifestação de eventos extremos pode estar associada a um ou mais elementos naturais e a intensidade do evento dependerá da amplitude de potencial da troca energética. Entenda melhor sobre como a permacultura pensa o <a href="https://redepermacultura.ufsc.br/permabrasuca/eventos-extremos/">planejamento para eventos extremos</a>.</p>

<p>Atualizado em Arthur Nanni O planejamento para eventos extremos na permacultura está alicerçado nas manifestações dos quatro elementos naturais e, no quinto elemento, que compreende os humanos: A manifestação de eventos extremos pode estar associada a um ou mais elementos naturais e a intensidade do evento dependerá da amplitude de potencial da troca energética. Entenda [&hellip;]</p>
