{"id":39,"date":"2021-11-29T12:14:24","date_gmt":"2021-11-29T15:14:24","guid":{"rendered":"http:\/\/redepermacultura.ufsc.br\/permaculturabrasileira\/?page_id=39"},"modified":"2026-02-01T21:22:24","modified_gmt":"2026-02-02T00:22:24","slug":"ecologia-cultivada","status":"publish","type":"page","link":"https:\/\/redepermacultura.ufsc.br\/permabrasuca\/ecologia-cultivada\/","title":{"rendered":"Alimentos"},"content":{"rendered":"\n<p>A permacultura \u00e9 uma ci\u00eancia pensada na autonomia de assentamentos humanos. Por essa raz\u00e3o a alimenta\u00e7\u00e3o \u00e9 um de seus pilares e raz\u00e3o de sua cria\u00e7\u00e3o na d\u00e9cada de 1970, quando era mencionada como &#8220;Agricultura permanente&#8221;.<\/p>\n\n\n\n<p>Esse item da plataforma traz uma s\u00e9rie de t\u00e9cnicas e tecnologias sociais que visam a produ\u00e7\u00e3o de alimentos verdadeiros, que al\u00e9m de alimentar, tamb\u00e9m nutrem. Para compreender mais sobre como bem preparar espa\u00e7os para produ\u00e7\u00e3o de comida, leia tamb\u00e9m os conceitos fundamentais sobre <a href=\"https:\/\/redepermacultura.ufsc.br\/permaculturabrasileira\/solos-sucessao-ecologica\">Solos e sucess\u00e3o ecol\u00f3gica<\/a> na paisagem e a respeito <a href=\"https:\/\/redepermacultura.ufsc.br\/permabrasuca\/conceitos-fundamentais\/planejamento-permacultural\/\">Planejamento permacultural<\/a>.<\/p>\n\n\n\n<p><\/p>\n\n\n\n<ul class=\"wp-block-list\">\n<li><a href=\"https:\/\/redepermacultura.ufsc.br\/permabrasuca\/uso-manejo-e-conservacao-do-solo\/\">Solo vivo<\/a><\/li>\n\n\n\n<li><a href=\"https:\/\/redepermacultura.ufsc.br\/permabrasuca\/ecologia-cultivada\/producao-vegetal\/\">Vegetais<\/a><\/li>\n\n\n\n<li><a href=\"https:\/\/redepermacultura.ufsc.br\/permabrasuca\/ecologia-cultivada\/producao-animal\/\">Animais<\/a><\/li>\n\n\n\n<li><a href=\"https:\/\/redepermacultura.ufsc.br\/permabrasuca\/ecologia-cultivada\/producao-de-fungos\/\">Fungos<\/a><\/li>\n<\/ul>\n","protected":false},"excerpt":{"rendered":"<p>A permacultura \u00e9 uma ci\u00eancia pensada na autonomia de assentamentos humanos. Por essa raz\u00e3o a alimenta\u00e7\u00e3o \u00e9 um de seus pilares e raz\u00e3o de sua cria\u00e7\u00e3o na d\u00e9cada de 1970, quando era mencionada como &#8220;Agricultura permanente&#8221;. Esse item da plataforma traz uma s\u00e9rie de t\u00e9cnicas e tecnologias sociais que visam a produ\u00e7\u00e3o de alimentos verdadeiros, [&hellip;]<\/p>\n","protected":false},"author":1,"featured_media":0,"parent":0,"menu_order":4,"comment_status":"closed","ping_status":"closed","template":"","meta":{"footnotes":""},"coauthors":[2],"class_list":["post-39","page","type-page","status-publish","hentry"],"_links":{"self":[{"href":"https:\/\/redepermacultura.ufsc.br\/permabrasuca\/wp-json\/wp\/v2\/pages\/39","targetHints":{"allow":["GET"]}}],"collection":[{"href":"https:\/\/redepermacultura.ufsc.br\/permabrasuca\/wp-json\/wp\/v2\/pages"}],"about":[{"href":"https:\/\/redepermacultura.ufsc.br\/permabrasuca\/wp-json\/wp\/v2\/types\/page"}],"author":[{"embeddable":true,"href":"https:\/\/redepermacultura.ufsc.br\/permabrasuca\/wp-json\/wp\/v2\/users\/1"}],"replies":[{"embeddable":true,"href":"https:\/\/redepermacultura.ufsc.br\/permabrasuca\/wp-json\/wp\/v2\/comments?post=39"}],"version-history":[{"count":13,"href":"https:\/\/redepermacultura.ufsc.br\/permabrasuca\/wp-json\/wp\/v2\/pages\/39\/revisions"}],"predecessor-version":[{"id":2304,"href":"https:\/\/redepermacultura.ufsc.br\/permabrasuca\/wp-json\/wp\/v2\/pages\/39\/revisions\/2304"}],"wp:attachment":[{"href":"https:\/\/redepermacultura.ufsc.br\/permabrasuca\/wp-json\/wp\/v2\/media?parent=39"}],"wp:term":[{"taxonomy":"author","embeddable":true,"href":"https:\/\/redepermacultura.ufsc.br\/permabrasuca\/wp-json\/wp\/v2\/coauthors?post=39"}],"curies":[{"name":"wp","href":"https:\/\/api.w.org\/{rel}","templated":true}]}}

<p>A permacultura é uma ciência pensada na autonomia de assentamentos humanos. Por essa razão a alimentação é um de seus pilares e razão de sua criação na década de 1970, quando era mencionada como &#8220;Agricultura permanente&#8221;.</p>



<p>Esse item da plataforma traz uma série de técnicas e tecnologias sociais que visam a produção de alimentos verdadeiros, que além de alimentar, também nutrem. Para compreender mais sobre como bem preparar espaços para produção de comida, leia também os conceitos fundamentais sobre <a href="https://redepermacultura.ufsc.br/permaculturabrasileira/solos-sucessao-ecologica">Solos e sucessão ecológica</a> na paisagem e a respeito <a href="https://redepermacultura.ufsc.br/permabrasuca/conceitos-fundamentais/planejamento-permacultural/">Planejamento permacultural</a>.</p>



<p></p>



<ul class="wp-block-list">
<li><a href="https://redepermacultura.ufsc.br/permabrasuca/uso-manejo-e-conservacao-do-solo/">Solo vivo</a></li>



<li><a href="https://redepermacultura.ufsc.br/permabrasuca/ecologia-cultivada/producao-vegetal/">Vegetais</a></li>



<li><a href="https://redepermacultura.ufsc.br/permabrasuca/ecologia-cultivada/producao-animal/">Animais</a></li>



<li><a href="https://redepermacultura.ufsc.br/permabrasuca/ecologia-cultivada/producao-de-fungos/">Fungos</a></li>
</ul>

<p>A permacultura é uma ciência pensada na autonomia de assentamentos humanos. Por essa razão a alimentação é um de seus pilares e razão de sua criação na década de 1970, quando era mencionada como &#8220;Agricultura permanente&#8221;. Esse item da plataforma traz uma série de técnicas e tecnologias sociais que visam a produção de alimentos verdadeiros, [&hellip;]</p>
