{"id":325,"date":"2022-03-18T15:07:46","date_gmt":"2022-03-18T18:07:46","guid":{"rendered":"http:\/\/redepermacultura.ufsc.br\/permaculturabrasileira\/?page_id=325"},"modified":"2025-12-07T21:24:58","modified_gmt":"2025-12-08T00:24:58","slug":"como-consultar-conteudos","status":"publish","type":"page","link":"https:\/\/redepermacultura.ufsc.br\/permabrasuca\/sobre\/como-consultar-conteudos\/","title":{"rendered":"Como consultar os conte\u00fados?"},"content":{"rendered":"\n<p>Os conte\u00fados da plataforma est\u00e3o estruturados a partir de t\u00e9cnicas e tecnologias sociais vinculadas a quatro temas essenciais para uma vida humana em harmonia com o planeta: <a href=\"https:\/\/redepermacultura.ufsc.br\/permabrasuca\/ecologia-cultivada\/\">Alimentos<\/a>, <a href=\"https:\/\/redepermacultura.ufsc.br\/permabrasuca\/?page_id=29\">\u00c1guas e saneamento<\/a>, <a href=\"https:\/\/redepermacultura.ufsc.br\/permabrasuca\/?page_id=37\">Energias<\/a> e <a href=\"https:\/\/redepermacultura.ufsc.br\/permabrasuca\/arranjos-sociais\/\">Arranjos Sociais<\/a>.<\/p>\n\n\n\n<p>Cada t\u00e9cnica ou tecnologia social \u00e9 descrita como um elemento e, portanto, sua an\u00e1lise \u00e9 realizada considerando suas caracter\u00edsticas (intr\u00ednsecas), necessidades e fun\u00e7\u00f5es dentro do ambiente planejado.<\/p>\n\n\n\n<p>A partir desses temas, leitores podem consultar sobre determinada t\u00e9cnica ou tecnologia social, compreend\u00ea-la e, tomar a decis\u00e3o de sua ado\u00e7\u00e3o ou n\u00e3o, em virtude do seu contexto de aplica\u00e7\u00e3o, apresentado com embasamento t\u00e9cnico considerando o conceito de <a href=\"https:\/\/redepermacultura.ufsc.br\/permabrasuca\/conceitos-fundamentais\/planejamento-permacultural\/\">Planejamento permacultural<\/a> para espa\u00e7os humanos, que buscam uma vida aut\u00f4noma em harmonia com a natureza.<\/p>\n\n\n\n<p>Al\u00e9m do conceito de planejamento, s\u00e3o sugeridos <a href=\"https:\/\/redepermacultura.ufsc.br\/permabrasuca\/contextos-fitoecologicos\/\">Contextos fitoecol\u00f3gicos,<\/a> cujas condi\u00e7\u00f5es bioclim\u00e1ticas exigem t\u00e9cnicas ou tecnologias sociais apropriadas, ou adapta\u00e7\u00f5es para serem efetivas. Assim, considere aprofundar seus conhecimentos conhecendo melhor esses contextos <span dir=\"ltr\" role=\"presentation\">propostos pelo Instituto Brasileiro de Geografia e Estat\u00edstica (IBGE), para decidir sobre a ado\u00e7\u00e3o e implanta\u00e7\u00e3o de uma determinada t\u00e9cnica<\/span> ou tecnologia social.<\/p>\n\n\n\n<p><span dir=\"ltr\" role=\"presentation\">Para isso, <span dir=\"ltr\" role=\"presentation\"><span dir=\"ltr\" role=\"presentation\">abaixo do t\u00edtulo da t\u00e9cnica ou tecnologia social, <\/span><\/span>um conjunto de \u00edcones apontam para informa\u00e7\u00f5es sobre cada uma dessas regi\u00f5es fitoecol\u00f3gicas, visando fornecer detalhes para orientar o leitor sobre quais contextos cada t\u00e9cnica ou tecnologia melhor harmoniza. <\/span>Caso n\u00e3o haja \u00edcones, significa que a t\u00e9cnica ou tecnologia \u00e9 apropriada a qualquer contexto bioclim\u00e1tico.<\/p>\n\n\n<div class=\"wp-block-image is-style-default wp-duotone-unset-1\">\n<figure class=\"aligncenter size-full\"><img decoding=\"async\" width=\"700\" height=\"203\" src=\"https:\/\/redepermacultura.ufsc.br\/permabrasuca\/wp-content\/uploads\/sites\/6\/2025\/12\/contextos_fito_exemplo.png\" alt=\"\" class=\"wp-image-1941\" srcset=\"https:\/\/redepermacultura.ufsc.br\/permabrasuca\/wp-content\/uploads\/sites\/6\/2025\/12\/contextos_fito_exemplo.png 700w, https:\/\/redepermacultura.ufsc.br\/permabrasuca\/wp-content\/uploads\/sites\/6\/2025\/12\/contextos_fito_exemplo-300x87.png 300w\" sizes=\"(max-width: 700px) 100vw, 700px\" \/><\/figure>\n<\/div>\n\n\n<p>Uma descri\u00e7\u00e3o detalhada da t\u00e9cnica ou tecnologia social \u00e9 apresentada e ilustrada, no intuito de evidenciar detalhes cruciais de sua estrutura e arranjo na paisagem socioambiental. Geralmente, nesse item, s\u00e3o apontados links para aprofundamento sobre <a href=\"https:\/\/redepermacultura.ufsc.br\/permabrasuca\/conceitos-fundamentais\/\">Conceitos fundamentais<\/a>, que auxiliam o leitor a entender melhor certas considera\u00e7\u00f5es t\u00e9cnicas.<\/p>\n\n\n\n<p>Nas descri\u00e7\u00f5es o leitor encontrar\u00e1 tamb\u00e9m informa\u00e7\u00f5es sobre onde a t\u00e9cnica ou a tecnologia social foi verificada ou consultada. E a t\u00edtulo de sugest\u00e3o, s\u00e3o apresentadas refer\u00eancias de suporte, para aprofundamento da leitura.<\/p>\n\n\n\n<p>Caso deseje interagir com os autores, entre em <a href=\"https:\/\/redepermacultura.ufsc.br\/permabrasuca\/sobre\/contato-2\/\">contato<\/a> conosco. <\/p>\n\n\n\n<p><\/p>\n","protected":false},"excerpt":{"rendered":"<p>Os conte\u00fados da plataforma est\u00e3o estruturados a partir de t\u00e9cnicas e tecnologias sociais vinculadas a quatro temas essenciais para uma vida humana em harmonia com o planeta: Alimentos, \u00c1guas e saneamento, Energias e Arranjos Sociais. Cada t\u00e9cnica ou tecnologia social \u00e9 descrita como um elemento e, portanto, sua an\u00e1lise \u00e9 realizada considerando suas caracter\u00edsticas (intr\u00ednsecas), [&hellip;]<\/p>\n","protected":false},"author":5,"featured_media":0,"parent":12,"menu_order":0,"comment_status":"closed","ping_status":"closed","template":"","meta":{"footnotes":""},"coauthors":[3],"class_list":["post-325","page","type-page","status-publish","hentry"],"_links":{"self":[{"href":"https:\/\/redepermacultura.ufsc.br\/permabrasuca\/wp-json\/wp\/v2\/pages\/325","targetHints":{"allow":["GET"]}}],"collection":[{"href":"https:\/\/redepermacultura.ufsc.br\/permabrasuca\/wp-json\/wp\/v2\/pages"}],"about":[{"href":"https:\/\/redepermacultura.ufsc.br\/permabrasuca\/wp-json\/wp\/v2\/types\/page"}],"author":[{"embeddable":true,"href":"https:\/\/redepermacultura.ufsc.br\/permabrasuca\/wp-json\/wp\/v2\/users\/5"}],"replies":[{"embeddable":true,"href":"https:\/\/redepermacultura.ufsc.br\/permabrasuca\/wp-json\/wp\/v2\/comments?post=325"}],"version-history":[{"count":48,"href":"https:\/\/redepermacultura.ufsc.br\/permabrasuca\/wp-json\/wp\/v2\/pages\/325\/revisions"}],"predecessor-version":[{"id":1946,"href":"https:\/\/redepermacultura.ufsc.br\/permabrasuca\/wp-json\/wp\/v2\/pages\/325\/revisions\/1946"}],"up":[{"embeddable":true,"href":"https:\/\/redepermacultura.ufsc.br\/permabrasuca\/wp-json\/wp\/v2\/pages\/12"}],"wp:attachment":[{"href":"https:\/\/redepermacultura.ufsc.br\/permabrasuca\/wp-json\/wp\/v2\/media?parent=325"}],"wp:term":[{"taxonomy":"author","embeddable":true,"href":"https:\/\/redepermacultura.ufsc.br\/permabrasuca\/wp-json\/wp\/v2\/coauthors?post=325"}],"curies":[{"name":"wp","href":"https:\/\/api.w.org\/{rel}","templated":true}]}}

Como consultar os conteúdos?

<p>Os conteúdos da plataforma estão estruturados a partir de técnicas e tecnologias sociais vinculadas a quatro temas essenciais para uma vida humana em harmonia com o planeta: <a href="https://redepermacultura.ufsc.br/permabrasuca/ecologia-cultivada/">Alimentos</a>, <a href="https://redepermacultura.ufsc.br/permabrasuca/?page_id=29">Águas e saneamento</a>, <a href="https://redepermacultura.ufsc.br/permabrasuca/?page_id=37">Energias</a> e <a href="https://redepermacultura.ufsc.br/permabrasuca/arranjos-sociais/">Arranjos Sociais</a>.</p>



<p>Cada técnica ou tecnologia social é descrita como um elemento e, portanto, sua análise é realizada considerando suas características (intrínsecas), necessidades e funções dentro do ambiente planejado.</p>



<p>A partir desses temas, leitores podem consultar sobre determinada técnica ou tecnologia social, compreendê-la e, tomar a decisão de sua adoção ou não, em virtude do seu contexto de aplicação, apresentado com embasamento técnico considerando o conceito de <a href="https://redepermacultura.ufsc.br/permabrasuca/conceitos-fundamentais/planejamento-permacultural/">Planejamento permacultural</a> para espaços humanos, que buscam uma vida autônoma em harmonia com a natureza.</p>



<p>Além do conceito de planejamento, são sugeridos <a href="https://redepermacultura.ufsc.br/permabrasuca/contextos-fitoecologicos/">Contextos fitoecológicos,</a> cujas condições bioclimáticas exigem técnicas ou tecnologias sociais apropriadas, ou adaptações para serem efetivas. Assim, considere aprofundar seus conhecimentos conhecendo melhor esses contextos <span dir="ltr" role="presentation">propostos pelo Instituto Brasileiro de Geografia e Estatística (IBGE), para decidir sobre a adoção e implantação de uma determinada técnica</span> ou tecnologia social.</p>



<p><span dir="ltr" role="presentation">Para isso, <span dir="ltr" role="presentation"><span dir="ltr" role="presentation">abaixo do título da técnica ou tecnologia social, </span></span>um conjunto de ícones apontam para informações sobre cada uma dessas regiões fitoecológicas, visando fornecer detalhes para orientar o leitor sobre quais contextos cada técnica ou tecnologia melhor harmoniza. </span>Caso não haja ícones, significa que a técnica ou tecnologia é apropriada a qualquer contexto bioclimático.</p>


<div class="wp-block-image is-style-default wp-duotone-unset-1">
<figure class="aligncenter size-full"><img decoding="async" width="700" height="203" src="https://redepermacultura.ufsc.br/permabrasuca/wp-content/uploads/sites/6/2025/12/contextos_fito_exemplo.png" alt="" class="wp-image-1941" srcset="https://redepermacultura.ufsc.br/permabrasuca/wp-content/uploads/sites/6/2025/12/contextos_fito_exemplo.png 700w, https://redepermacultura.ufsc.br/permabrasuca/wp-content/uploads/sites/6/2025/12/contextos_fito_exemplo-300x87.png 300w" sizes="(max-width: 700px) 100vw, 700px" /></figure>
</div>


<p>Uma descrição detalhada da técnica ou tecnologia social é apresentada e ilustrada, no intuito de evidenciar detalhes cruciais de sua estrutura e arranjo na paisagem socioambiental. Geralmente, nesse item, são apontados links para aprofundamento sobre <a href="https://redepermacultura.ufsc.br/permabrasuca/conceitos-fundamentais/">Conceitos fundamentais</a>, que auxiliam o leitor a entender melhor certas considerações técnicas.</p>



<p>Nas descrições o leitor encontrará também informações sobre onde a técnica ou a tecnologia social foi verificada ou consultada. E a título de sugestão, são apresentadas referências de suporte, para aprofundamento da leitura.</p>



<p>Caso deseje interagir com os autores, entre em <a href="https://redepermacultura.ufsc.br/permabrasuca/sobre/contato-2/">contato</a> conosco. </p>



<p></p>

<p>Os conteúdos da plataforma estão estruturados a partir de técnicas e tecnologias sociais vinculadas a quatro temas essenciais para uma vida humana em harmonia com o planeta: Alimentos, Águas e saneamento, Energias e Arranjos Sociais. Cada técnica ou tecnologia social é descrita como um elemento e, portanto, sua análise é realizada considerando suas características (intrínsecas), [&hellip;]</p>
