{"id":1881,"date":"2025-11-26T21:25:18","date_gmt":"2025-11-27T00:25:18","guid":{"rendered":"https:\/\/redepermacultura.ufsc.br\/permabrasuca\/?page_id=1881"},"modified":"2026-03-20T09:43:43","modified_gmt":"2026-03-20T12:43:43","slug":"seja-bem-vindo-ao-permabrasuca","status":"publish","type":"page","link":"https:\/\/redepermacultura.ufsc.br\/permabrasuca\/","title":{"rendered":"Seja bem-vindo!"},"content":{"rendered":"<div class=\"wp-block-image\">\n<figure class=\"aligncenter size-full\"><img decoding=\"async\" width=\"550\" height=\"492\" src=\"https:\/\/redepermacultura.ufsc.br\/permabrasuca\/wp-content\/uploads\/sites\/6\/2025\/12\/arte_sites_550px.png\" alt=\"\" class=\"wp-image-1893\" srcset=\"https:\/\/redepermacultura.ufsc.br\/permabrasuca\/wp-content\/uploads\/sites\/6\/2025\/12\/arte_sites_550px.png 550w, https:\/\/redepermacultura.ufsc.br\/permabrasuca\/wp-content\/uploads\/sites\/6\/2025\/12\/arte_sites_550px-300x268.png 300w\" sizes=\"(max-width: 550px) 100vw, 550px\" \/><\/figure>\n<\/div>\n\n\n<div class=\"wp-block-group is-content-justification-center is-nowrap is-layout-flex wp-container-core-group-is-layout-94bc23d7 wp-block-group-is-layout-flex\">\n<figure class=\"wp-block-image size-full is-resized\"><img decoding=\"async\" width=\"72\" height=\"72\" src=\"https:\/\/redepermacultura.ufsc.br\/permabrasuca\/wp-content\/uploads\/sites\/6\/2025\/11\/emoji_apontando.png\" alt=\"\" class=\"wp-image-1845\" style=\"width:50px\"\/><\/figure>\n\n\n\n<h3 class=\"wp-block-heading\"><a href=\"https:\/\/redepermacultura.ufsc.br\/permabrasuca\/sobre\"><strong>Acesse os conte\u00fados da plataforma<\/strong><\/a><\/h3>\n<\/div>\n\n\n\n<div class=\"wp-block-group is-content-justification-center is-nowrap is-layout-flex wp-container-core-group-is-layout-94bc23d7 wp-block-group-is-layout-flex\">\n<figure class=\"wp-block-image size-full is-resized\"><img decoding=\"async\" width=\"72\" height=\"72\" src=\"https:\/\/redepermacultura.ufsc.br\/permabrasuca\/wp-content\/uploads\/sites\/6\/2025\/11\/emoji_noticias.png\" alt=\"\" class=\"wp-image-1884\" style=\"width:50px\"\/><\/figure>\n\n\n\n<h3 class=\"wp-block-heading\"><a href=\"https:\/\/redepermacultura.ufsc.br\/blog\/tag\/permabrasuca\/\"><strong>Leia as \u00faltimas not\u00edcias<\/strong><\/a><\/h3>\n<\/div>\n\n\n\n<p class=\"has-text-align-center\"><strong>Ajude a popularizar a permacultura!<\/strong><\/p>\n\n\n\n<div class=\"wp-block-group is-content-justification-center is-nowrap is-layout-flex wp-container-core-group-is-layout-94bc23d7 wp-block-group-is-layout-flex\">\n<div class=\"wp-block-group is-content-justification-center is-nowrap is-layout-flex wp-container-core-group-is-layout-94bc23d7 wp-block-group-is-layout-flex\"><div class=\"wp-block-image\">\n<figure class=\"aligncenter size-full is-resized\"><a href=\"https:\/\/liberapay.com\/redepermacultura\/\"><img decoding=\"async\" src=\"https:\/\/redepermacultura.ufsc.br\/wp-content\/uploads\/2026\/03\/liberapay-1.png\" alt=\"\" class=\"wp-image-30813\" style=\"width:50px;height:auto\"\/><\/a><\/figure>\n<\/div>\n\n<div class=\"wp-block-image\">\n<figure class=\"aligncenter size-full is-resized\"><a href=\"https:\/\/ko-fi.com\/redenepermabrasil\"><img decoding=\"async\" src=\"https:\/\/redepermacultura.ufsc.br\/wp-content\/uploads\/2026\/03\/ko-fi-1.png\" alt=\"\" class=\"wp-image-30814\" style=\"aspect-ratio:1.2401275447633064;width:67px;height:auto\"\/><\/a><\/figure>\n<\/div>\n\n<div class=\"wp-block-image\">\n<figure class=\"aligncenter size-full is-resized\"><img decoding=\"async\" src=\"https:\/\/redepermacultura.ufsc.br\/wp-content\/uploads\/2026\/03\/opencollective.jpg\" alt=\"\" class=\"wp-image-30815\" style=\"width:168px;height:auto\"\/><\/figure>\n<\/div><\/div>\n\n\n<div class=\"wp-block-image\">\n<figure class=\"aligncenter size-full is-resized\"><img decoding=\"async\" src=\"https:\/\/redepermacultura.ufsc.br\/wp-content\/uploads\/2026\/03\/pix-1.png\" alt=\"\" class=\"wp-image-30816\" style=\"width:94px;height:auto\"\/><\/figure>\n<\/div><\/div>\n\n\n\n<p class=\"has-text-align-center\">Chave PIX CNPJ: 05239174000125<\/p>\n\n\n\n<p class=\"has-text-align-center has-small-font-size\"><em>Todas as contribui\u00e7\u00f5es s\u00e3o gerenciadas pelo Instituto de Permacultura da Caatinga Aldeia da Luz.<\/em><\/p>\n","protected":false},"excerpt":{"rendered":"<p>Acesse os conte\u00fados da plataforma Leia as \u00faltimas not\u00edcias Ajude a popularizar a permacultura! Chave PIX CNPJ: 05239174000125 Todas as contribui\u00e7\u00f5es s\u00e3o gerenciadas pelo Instituto de Permacultura da Caatinga Aldeia da Luz.<\/p>\n","protected":false},"author":1,"featured_media":0,"parent":0,"menu_order":0,"comment_status":"closed","ping_status":"closed","template":"","meta":{"footnotes":""},"coauthors":[2],"class_list":["post-1881","page","type-page","status-publish","hentry"],"_links":{"self":[{"href":"https:\/\/redepermacultura.ufsc.br\/permabrasuca\/wp-json\/wp\/v2\/pages\/1881","targetHints":{"allow":["GET"]}}],"collection":[{"href":"https:\/\/redepermacultura.ufsc.br\/permabrasuca\/wp-json\/wp\/v2\/pages"}],"about":[{"href":"https:\/\/redepermacultura.ufsc.br\/permabrasuca\/wp-json\/wp\/v2\/types\/page"}],"author":[{"embeddable":true,"href":"https:\/\/redepermacultura.ufsc.br\/permabrasuca\/wp-json\/wp\/v2\/users\/1"}],"replies":[{"embeddable":true,"href":"https:\/\/redepermacultura.ufsc.br\/permabrasuca\/wp-json\/wp\/v2\/comments?post=1881"}],"version-history":[{"count":11,"href":"https:\/\/redepermacultura.ufsc.br\/permabrasuca\/wp-json\/wp\/v2\/pages\/1881\/revisions"}],"predecessor-version":[{"id":2340,"href":"https:\/\/redepermacultura.ufsc.br\/permabrasuca\/wp-json\/wp\/v2\/pages\/1881\/revisions\/2340"}],"wp:attachment":[{"href":"https:\/\/redepermacultura.ufsc.br\/permabrasuca\/wp-json\/wp\/v2\/media?parent=1881"}],"wp:term":[{"taxonomy":"author","embeddable":true,"href":"https:\/\/redepermacultura.ufsc.br\/permabrasuca\/wp-json\/wp\/v2\/coauthors?post=1881"}],"curies":[{"name":"wp","href":"https:\/\/api.w.org\/{rel}","templated":true}]}}