{"id":1223,"date":"2025-04-16T08:41:31","date_gmt":"2025-04-16T11:41:31","guid":{"rendered":"https:\/\/redepermacultura.ufsc.br\/permabrasuca\/?page_id=1223"},"modified":"2025-06-26T21:34:03","modified_gmt":"2025-06-27T00:34:03","slug":"hibridas","status":"publish","type":"page","link":"https:\/\/redepermacultura.ufsc.br\/permabrasuca\/fluxos-de-energias\/hibridas\/","title":{"rendered":"H\u00edbridas"},"content":{"rendered":"\n<p>Nessa se\u00e7\u00e3o s\u00e3o apresentadas as tecnologias sociais que se utilizam de mais de um fluxo espec\u00edfico de energia, ou seja, cuja l\u00f3gica de opera\u00e7\u00e3o associe essas em s\u00e9rie ou permita o uso de uma ou outra, por conveni\u00eancia.<\/p>\n\n\n\n<p>Entenda mais sobre as energias que se manifestam na paisagem em\u00a0<a href=\"https:\/\/redepermacultura.ufsc.br\/permabrasuca\/conceitos-fundamentais\/fluxos-de-energias\/\">Fluxos energ\u00e9ticos<\/a>.<\/p>\n\n\n\n<p><\/p>\n","protected":false},"excerpt":{"rendered":"<p>Nessa se\u00e7\u00e3o s\u00e3o apresentadas as tecnologias sociais que se utilizam de mais de um fluxo espec\u00edfico de energia, ou seja, cuja l\u00f3gica de opera\u00e7\u00e3o associe essas em s\u00e9rie ou permita o uso de uma ou outra, por conveni\u00eancia. Entenda mais sobre as energias que se manifestam na paisagem em\u00a0Fluxos energ\u00e9ticos.<\/p>\n","protected":false},"author":1,"featured_media":0,"parent":37,"menu_order":0,"comment_status":"closed","ping_status":"closed","template":"","meta":{"footnotes":""},"coauthors":[2],"class_list":["post-1223","page","type-page","status-publish","hentry"],"_links":{"self":[{"href":"https:\/\/redepermacultura.ufsc.br\/permabrasuca\/wp-json\/wp\/v2\/pages\/1223","targetHints":{"allow":["GET"]}}],"collection":[{"href":"https:\/\/redepermacultura.ufsc.br\/permabrasuca\/wp-json\/wp\/v2\/pages"}],"about":[{"href":"https:\/\/redepermacultura.ufsc.br\/permabrasuca\/wp-json\/wp\/v2\/types\/page"}],"author":[{"embeddable":true,"href":"https:\/\/redepermacultura.ufsc.br\/permabrasuca\/wp-json\/wp\/v2\/users\/1"}],"replies":[{"embeddable":true,"href":"https:\/\/redepermacultura.ufsc.br\/permabrasuca\/wp-json\/wp\/v2\/comments?post=1223"}],"version-history":[{"count":2,"href":"https:\/\/redepermacultura.ufsc.br\/permabrasuca\/wp-json\/wp\/v2\/pages\/1223\/revisions"}],"predecessor-version":[{"id":1428,"href":"https:\/\/redepermacultura.ufsc.br\/permabrasuca\/wp-json\/wp\/v2\/pages\/1223\/revisions\/1428"}],"up":[{"embeddable":true,"href":"https:\/\/redepermacultura.ufsc.br\/permabrasuca\/wp-json\/wp\/v2\/pages\/37"}],"wp:attachment":[{"href":"https:\/\/redepermacultura.ufsc.br\/permabrasuca\/wp-json\/wp\/v2\/media?parent=1223"}],"wp:term":[{"taxonomy":"author","embeddable":true,"href":"https:\/\/redepermacultura.ufsc.br\/permabrasuca\/wp-json\/wp\/v2\/coauthors?post=1223"}],"curies":[{"name":"wp","href":"https:\/\/api.w.org\/{rel}","templated":true}]}}

Híbridas

<p>Nessa seção são apresentadas as tecnologias sociais que se utilizam de mais de um fluxo específico de energia, ou seja, cuja lógica de operação associe essas em série ou permita o uso de uma ou outra, por conveniência.</p>



<p>Entenda mais sobre as energias que se manifestam na paisagem em <a href="https://redepermacultura.ufsc.br/permabrasuca/conceitos-fundamentais/fluxos-de-energias/">Fluxos energéticos</a>.</p>



<p></p>

<p>Nessa seção são apresentadas as tecnologias sociais que se utilizam de mais de um fluxo específico de energia, ou seja, cuja lógica de operação associe essas em série ou permita o uso de uma ou outra, por conveniência. Entenda mais sobre as energias que se manifestam na paisagem em Fluxos energéticos.</p>
