{"id":29030,"date":"2021-02-24T15:23:27","date_gmt":"2021-02-24T18:23:27","guid":{"rendered":"http:\/\/redepermacultura.ufsc.br\/ensinandopermacultura\/?page_id=29030"},"modified":"2024-01-01T20:29:08","modified_gmt":"2024-01-01T23:29:08","slug":"ciclo-de-edicoes","status":"publish","type":"page","link":"https:\/\/redepermacultura.ufsc.br\/ensinandopermacultura\/ciclo-de-edicoes\/","title":{"rendered":"Ciclo de edi\u00e7\u00f5es e licen\u00e7a de uso"},"content":{"rendered":"<p>Ensinando Permacultura \u00e9 uma obra em constante desenvolvimento, pois entendemos que o aprendizado \u00e9 sempre uma via de duas m\u00e3os, onde se aprende ensinando e se ensina aprendendo.<\/p>\n<p>Nesse sentido, a obra possui um ciclo de desenvolvimento em cinco etapas: escrita, revis\u00e3o, corre\u00e7\u00f5es, editora\u00e7\u00e3o e lan\u00e7amento, que possibilitam o lan\u00e7amento de uma nova edi\u00e7\u00e3o a cada 3 anos.<\/p>\n<p><a href=\"https:\/\/redepermacultura.ufsc.br\/ensinandopermacultura\/wp-content\/uploads\/sites\/3\/2021\/02\/ciclo_de_desenvolvimento.png\"><img decoding=\"async\" class=\"aligncenter size-full wp-image-29033\" src=\"https:\/\/redepermacultura.ufsc.br\/ensinandopermacultura\/wp-content\/uploads\/sites\/3\/2021\/02\/ciclo_de_desenvolvimento.png\" alt=\"\" width=\"500\" height=\"500\" srcset=\"https:\/\/redepermacultura.ufsc.br\/ensinandopermacultura\/wp-content\/uploads\/sites\/3\/2021\/02\/ciclo_de_desenvolvimento.png 500w, https:\/\/redepermacultura.ufsc.br\/ensinandopermacultura\/wp-content\/uploads\/sites\/3\/2021\/02\/ciclo_de_desenvolvimento-300x300.png 300w, https:\/\/redepermacultura.ufsc.br\/ensinandopermacultura\/wp-content\/uploads\/sites\/3\/2021\/02\/ciclo_de_desenvolvimento-150x150.png 150w\" sizes=\"(max-width: 500px) 100vw, 500px\" \/><\/a><\/p>\n<h1>Cronologia de desenvolvimento<\/h1>\n<table style=\"border-collapse: collapse; width: 80%; height: 248px;\">\n<tbody>\n<tr style=\"height: 20px;\">\n<td style=\"width: 33.3333%; height: 20px;\"><strong>1\u00aa edi\u00e7\u00e3o<\/strong><\/td>\n<td style=\"width: 33.3333%; height: 20px;\"><\/td>\n<td style=\"width: 33.3333%; height: 20px;\"><\/td>\n<\/tr>\n<tr style=\"height: 19px;\">\n<td style=\"width: 33.3333%; height: 19px;\">Maio\/2017<\/td>\n<td style=\"width: 33.3333%; height: 19px;\">Escrita<\/td>\n<td style=\"width: 33.3333%; height: 19px;\"><\/td>\n<\/tr>\n<tr style=\"height: 19px;\">\n<td style=\"width: 33.3333%; height: 19px;\">Fevereiro\/2018<\/td>\n<td style=\"width: 33.3333%; height: 19px;\">Revis\u00e3o<\/td>\n<td style=\"width: 33.3333%; height: 19px;\"><\/td>\n<\/tr>\n<tr style=\"height: 19px;\">\n<td style=\"width: 33.3333%; height: 19px;\">Fevereiro\/2019<\/td>\n<td style=\"width: 33.3333%; height: 19px;\">Corre\u00e7\u00f5es<\/td>\n<td style=\"width: 33.3333%; height: 19px;\"><\/td>\n<\/tr>\n<tr style=\"height: 19px;\">\n<td style=\"width: 33.3333%; height: 19px;\">Junho\/2019<\/td>\n<td style=\"width: 33.3333%; height: 19px;\">Editora\u00e7\u00e3o<\/td>\n<td style=\"width: 33.3333%; height: 19px;\"><\/td>\n<\/tr>\n<tr style=\"height: 19px;\">\n<td style=\"width: 33.3333%; height: 19px;\">Dezembro\/2019<\/td>\n<td style=\"width: 33.3333%; height: 19px;\">Lan\u00e7amento<\/td>\n<td style=\"width: 33.3333%; height: 19px;\"><\/td>\n<\/tr>\n<tr style=\"height: 19px;\">\n<td style=\"width: 33.3333%; height: 19px;\"><\/td>\n<td style=\"width: 33.3333%; height: 19px;\"><\/td>\n<td style=\"width: 33.3333%; height: 19px;\"><\/td>\n<\/tr>\n<tr style=\"height: 19px;\">\n<td style=\"width: 33.3333%; height: 19px;\"><strong>2\u00aa edi\u00e7\u00e3o<\/strong><\/td>\n<td style=\"width: 33.3333%; height: 19px;\"><\/td>\n<td style=\"width: 33.3333%; height: 19px;\"><\/td>\n<\/tr>\n<tr style=\"height: 19px;\">\n<td style=\"width: 33.3333%; height: 19px;\">Fevereiro\/2020<\/td>\n<td style=\"width: 33.3333%; height: 19px;\">Escrita<\/td>\n<td style=\"width: 33.3333%; height: 19px;\"><\/td>\n<\/tr>\n<tr style=\"height: 19px;\">\n<td style=\"width: 33.3333%; height: 19px;\">Abril\/2021<\/td>\n<td style=\"width: 33.3333%; height: 19px;\">Revis\u00e3o<\/td>\n<td style=\"width: 33.3333%; height: 19px;\"><\/td>\n<\/tr>\n<tr style=\"height: 19px;\">\n<td style=\"width: 33.3333%; height: 19px;\">Outubro\/2021<\/td>\n<td style=\"width: 33.3333%; height: 19px;\">Corre\u00e7\u00f5es<\/td>\n<td style=\"width: 33.3333%; height: 19px;\"><\/td>\n<\/tr>\n<tr style=\"height: 19px;\">\n<td style=\"width: 33.3333%; height: 19px;\">Mar\u00e7o\/2022<\/td>\n<td style=\"width: 33.3333%; height: 19px;\">Editora\u00e7\u00e3o<\/td>\n<td style=\"width: 33.3333%; height: 19px;\"><\/td>\n<\/tr>\n<tr style=\"height: 19px;\">\n<td style=\"width: 33.3333%; height: 19px;\">Outubro\/2022<\/td>\n<td style=\"width: 33.3333%; height: 19px;\">Lan\u00e7amento<\/td>\n<td style=\"width: 33.3333%; height: 19px;\"><\/td>\n<\/tr>\n<tr>\n<td style=\"width: 33.3333%;\"><\/td>\n<td style=\"width: 33.3333%;\"><\/td>\n<td style=\"width: 33.3333%;\"><\/td>\n<\/tr>\n<tr>\n<td style=\"width: 33.3333%;\">3\u00aa edi\u00e7\u00e3o<\/td>\n<td style=\"width: 33.3333%;\"><\/td>\n<td style=\"width: 33.3333%;\"><\/td>\n<\/tr>\n<tr>\n<td style=\"width: 33.3333%;\"><span style=\"color: #ff0000;\">Em defini\u00e7\u00e3o<\/span><\/td>\n<td style=\"width: 33.3333%; height: 19px;\">Escrita<\/td>\n<td style=\"width: 33.3333%;\"><\/td>\n<\/tr>\n<tr style=\"height: 19px;\">\n<td style=\"width: 33.3333%;\"><span style=\"color: #ff0000;\">Em defini\u00e7\u00e3o<\/span><\/td>\n<td style=\"width: 33.3333%; height: 19px;\">Revis\u00e3o<\/td>\n<td style=\"width: 33.3333%;\"><\/td>\n<\/tr>\n<tr style=\"height: 19px;\">\n<td style=\"width: 33.3333%;\"><span style=\"color: #ff0000;\">Em defini\u00e7\u00e3o<\/span><\/td>\n<td style=\"width: 33.3333%; height: 19px;\">Corre\u00e7\u00f5es<\/td>\n<td style=\"width: 33.3333%;\"><\/td>\n<\/tr>\n<tr style=\"height: 19px;\">\n<td style=\"width: 33.3333%;\"><span style=\"color: #ff0000;\">Em defini\u00e7\u00e3o<\/span><\/td>\n<td style=\"width: 33.3333%; height: 19px;\">Editora\u00e7\u00e3o<\/td>\n<td style=\"width: 33.3333%;\"><\/td>\n<\/tr>\n<tr style=\"height: 19px;\">\n<td style=\"width: 33.3333%;\"><span style=\"color: #ff0000;\">Em defini\u00e7\u00e3o<\/span><\/td>\n<td style=\"width: 33.3333%; height: 19px;\">Lan\u00e7amento<\/td>\n<td style=\"width: 33.3333%;\"><\/td>\n<\/tr>\n<\/tbody>\n<\/table>\n<p>Ao longo de cada ciclo de desenvolvimento, os conte\u00fados seguem abertos para acesso, colabora\u00e7\u00e3o entre autores e contribui\u00e7\u00f5es dos leitores.<\/p>\n<h1><a name=\"registro\"><\/a>Registro de mudan\u00e7as<\/h1>\n<h2>3\u00aa edi\u00e7\u00e3o<\/h2>\n<ul>\n<li>Inclusa bandeira flutuante de tradu\u00e7\u00e3o de idiomas em navegadores;<\/li>\n<li>&#8230;<\/li>\n<\/ul>\n<h2>2\u00aa edi\u00e7\u00e3o<\/h2>\n<ul>\n<li>Criado o ambiente de desenvolvimento &#8211; plataforma digital de troca de saberes;<\/li>\n<li>Ambiente de desenvolvimento com leiaute adapt\u00e1vel a dispositivos m\u00f3veis;<\/li>\n<li>Acrescentada a se\u00e7\u00e3o &#8220;Permacultura na educa\u00e7\u00e3o b\u00e1sica&#8221;.\n<ul>\n<li>Novas aulas e autores\/as.<\/li>\n<li>Revisados e atualizados cap\u00edtulos.<\/li>\n<li>Inser\u00e7\u00e3o de \u00edcones de controle de revis\u00e3o\/atualiza\u00e7\u00e3o\/novo em cada cap\u00edtulo;<\/li>\n<\/ul>\n<\/li>\n<li>Agregado em cada cap\u00edtulo o formul\u00e1rio de contato direto com o primeiro autor;<\/li>\n<li>Inserida a op\u00e7\u00e3o de imprimir e salvar em PDF e eBook em cada cap\u00edtulo;<\/li>\n<li>Inserida p\u00e1gina &#8220;Como citar&#8221;.<\/li>\n<li>Inserido controle de data de atualiza\u00e7\u00e3o de conte\u00fados.<\/li>\n<\/ul>\n<h2>1\u00aa edi\u00e7\u00e3o<\/h2>\n<ul>\n<li>Lan\u00e7ada em 2019 em vers\u00e3o impressa e <a href=\"https:\/\/repositorio.ufsc.br\/bitstream\/handle\/123456789\/204906\/Ensinando%20Permacultura%20e-book%2018mar2020.pdf?sequence=1&amp;isAllowed=y\">digital (PDF)<\/a>.<\/li>\n<\/ul>\n<h1>Licen\u00e7a de uso<\/h1>\n<figure style=\"width: 220px\" class=\"wp-caption alignright\"><img decoding=\"async\" class=\"size-medium\" src=\"https:\/\/br.creativecommons.net\/wp-content\/uploads\/sites\/30\/2020\/09\/by-nc-sa.jpg\" width=\"220\" height=\"84\" \/><figcaption class=\"wp-caption-text\">Atribui\u00e7\u00e3o-N\u00e3o-Comercial-Compartilha Igual CC BY-NC-SA<\/figcaption><\/figure>\n<p>Esta licen\u00e7a permite que outros remixem, adaptem e criem a partir do seu trabalho para fins n\u00e3o comerciais, desde que atribuam a voc\u00ea o devido cr\u00e9dito e que licenciem as novas cria\u00e7\u00f5es sob termos id\u00eanticos. <a href=\"https:\/\/creativecommons.org\/licenses\/by-nc-sa\/4.0\/deed.pt-br\">Veja mais informa\u00e7\u00f5es<\/a>.<\/p>\n","protected":false},"excerpt":{"rendered":"<p>Ensinando Permacultura \u00e9 uma obra em constante desenvolvimento, pois entendemos que o aprendizado \u00e9 sempre uma via de duas m\u00e3os, onde se aprende ensinando e se ensina aprendendo. Nesse sentido, a obra possui um ciclo de desenvolvimento em cinco etapas: escrita, revis\u00e3o, corre\u00e7\u00f5es, editora\u00e7\u00e3o e lan\u00e7amento, que possibilitam o lan\u00e7amento de uma nova edi\u00e7\u00e3o a [&hellip;]<\/p>\n","protected":false},"author":1,"featured_media":0,"parent":0,"menu_order":0,"comment_status":"closed","ping_status":"closed","template":"","meta":{"footnotes":""},"coauthors":[27],"class_list":["post-29030","page","type-page","status-publish","hentry"],"_links":{"self":[{"href":"https:\/\/redepermacultura.ufsc.br\/ensinandopermacultura\/wp-json\/wp\/v2\/pages\/29030","targetHints":{"allow":["GET"]}}],"collection":[{"href":"https:\/\/redepermacultura.ufsc.br\/ensinandopermacultura\/wp-json\/wp\/v2\/pages"}],"about":[{"href":"https:\/\/redepermacultura.ufsc.br\/ensinandopermacultura\/wp-json\/wp\/v2\/types\/page"}],"author":[{"embeddable":true,"href":"https:\/\/redepermacultura.ufsc.br\/ensinandopermacultura\/wp-json\/wp\/v2\/users\/1"}],"replies":[{"embeddable":true,"href":"https:\/\/redepermacultura.ufsc.br\/ensinandopermacultura\/wp-json\/wp\/v2\/comments?post=29030"}],"version-history":[{"count":29,"href":"https:\/\/redepermacultura.ufsc.br\/ensinandopermacultura\/wp-json\/wp\/v2\/pages\/29030\/revisions"}],"predecessor-version":[{"id":29914,"href":"https:\/\/redepermacultura.ufsc.br\/ensinandopermacultura\/wp-json\/wp\/v2\/pages\/29030\/revisions\/29914"}],"wp:attachment":[{"href":"https:\/\/redepermacultura.ufsc.br\/ensinandopermacultura\/wp-json\/wp\/v2\/media?parent=29030"}],"wp:term":[{"taxonomy":"author","embeddable":true,"href":"https:\/\/redepermacultura.ufsc.br\/ensinandopermacultura\/wp-json\/wp\/v2\/coauthors?post=29030"}],"curies":[{"name":"wp","href":"https:\/\/api.w.org\/{rel}","templated":true}]}}