{"id":10,"date":"2020-03-22T21:47:58","date_gmt":"2020-03-22T21:47:58","guid":{"rendered":"https:\/\/ananni.pressbooks.com\/about\/"},"modified":"2024-08-31T18:13:17","modified_gmt":"2024-08-31T21:13:17","slug":"bemvindo","status":"publish","type":"page","link":"https:\/\/redepermacultura.ufsc.br\/ensinandopermacultura\/","title":{"rendered":"Bem-vindo"},"content":{"rendered":"\n<p>Bem-vindo \u00e0\u00a0plataforma digital de troca de saberes <strong>Ensinando Permacultura<\/strong>, um espa\u00e7o de populariza\u00e7\u00e3o da permacultura brasileira protagonizado pela Rede Brasileira de N\u00facleos de Estudos em Permacultura (Rede NEPerma Brasil) vinculados \u00e0s institui\u00e7\u00f5es p\u00fablicas de ensino (IPE), institutos e esta\u00e7\u00f5es de permacultura Brasil afora.<\/p>\n\n\n\n<p>A ideia de fazer uma plataforma digital de troca de saberes em permacultura surgiu da demanda de pedidos por materiais e formas pedag\u00f3gicas de ensino\/aprendizagem. Essa demanda se tornou t\u00e3o expressiva desde o lan\u00e7amento da primeira edi\u00e7\u00e3o, que a Rede NEPerma Brasil decidiu oferecer nesse ambiente um comp\u00eandio de conte\u00fados did\u00e1ticos de livre acesso.<\/p>\n\n\n\n<p>Nesse espa\u00e7o voc\u00ea encontrar\u00e1 vers\u00f5es com atualiza\u00e7\u00e3o din\u00e2mica de conte\u00fados que compor\u00e3o futuras edi\u00e7\u00f5es de livros, bem como edi\u00e7\u00f5es j\u00e1 publicadas com conte\u00fado est\u00e1tico da obra <strong>Ensinando Permacultura<\/strong>, como a 1\u00aa<a href=\"https:\/\/repositorio.ufsc.br\/bitstream\/handle\/123456789\/204906\/Ensinando%20Permacultura%20e-book%2018mar2020.pdf?sequence=1&amp;isAllowed=y\"> edi\u00e7\u00e3o<\/a>, lan\u00e7ada em 2019.<\/p>\n\n\n\n<p class=\"western\">O ambiente aborda a experi\u00eancia de ensino da permacultura em diferentes n\u00edveis:<\/p>\n\n\n\n<ul class=\"wp-block-list\">\n<li><strong>O ensino nos moldes do curso de planejamento em permacultura<\/strong>, baseado na experi\u00eancia da disciplina \u201cIntrodu\u00e7\u00e3o \u00e0 permacultura\u201d lecionada desde 2012 na UFSC;<\/li>\n\n\n\n<li><strong>Disciplinas em cursos de gradua\u00e7\u00e3o<\/strong>, que traz abordagens sobre a permacultura em disciplinas de gradua\u00e7\u00e3o de forma integral ou suplementar, mas n\u00e3o se constitui num CPP;<\/li>\n\n\n\n<li><strong>Permacultura na p\u00f3s-gradua\u00e7\u00e3o<\/strong>, onde s\u00e3o apresentadas as formas de abordar o tema ao n\u00edvel de p\u00f3s-gradua\u00e7\u00e3o;<\/li>\n\n\n\n<li><strong>O ensino atrav\u00e9s da extens\u00e3o<\/strong>, que congrega as a\u00e7\u00f5es de extens\u00e3o que desenvolvem ou desenvolveram o ensino de permacultura;<\/li>\n\n\n\n<li><strong>Permacultura na educa\u00e7\u00e3o b\u00e1sica<\/strong>, que apresenta processos pedag\u00f3gicos aplicados ao ensino da permacultura na educa\u00e7\u00e3o b\u00e1sica.<\/li>\n<\/ul>\n\n\n<div class=\"wp-block-image\">\n<figure class=\"aligncenter\"><a href=\"https:\/\/redepermacultura.ufsc.br\/ensinandopermacultura\/wp-content\/uploads\/sites\/3\/2021\/01\/foto_abertura.jpg\"><img decoding=\"async\" width=\"800\" height=\"600\" src=\"https:\/\/redepermacultura.ufsc.br\/ensinandopermacultura\/wp-content\/uploads\/sites\/3\/2021\/01\/foto_abertura.jpg\" alt=\"\" class=\"wp-image-29025\" srcset=\"https:\/\/redepermacultura.ufsc.br\/ensinandopermacultura\/wp-content\/uploads\/sites\/3\/2021\/01\/foto_abertura.jpg 800w, https:\/\/redepermacultura.ufsc.br\/ensinandopermacultura\/wp-content\/uploads\/sites\/3\/2021\/01\/foto_abertura-300x225.jpg 300w, https:\/\/redepermacultura.ufsc.br\/ensinandopermacultura\/wp-content\/uploads\/sites\/3\/2021\/01\/foto_abertura-768x576.jpg 768w\" sizes=\"(max-width: 800px) 100vw, 800px\" \/><\/a><figcaption class=\"wp-element-caption\">Forma\u00e7\u00e3o de professores no CPP para academia ocorrido em 2020.<\/figcaption><\/figure>\n<\/div>\n\n\n<p class=\"western\">Dessa forma, a Rede NEPerma Brasil cumpre seu papel social de democratizar o acesso \u00e0 informa\u00e7\u00e3o e \u00e0 ci\u00eancia desenvolvidas por meio do ensino, da extens\u00e3o e da pesquisa, na busca de promover e incentivar o ensino de permacultura.<\/p>\n\n\n\n<p><\/p>\n","protected":false},"excerpt":{"rendered":"<p>Bem-vindo \u00e0\u00a0plataforma digital de troca de saberes Ensinando Permacultura, um espa\u00e7o de populariza\u00e7\u00e3o da permacultura brasileira protagonizado pela Rede Brasileira de N\u00facleos de Estudos em Permacultura (Rede NEPerma Brasil) vinculados \u00e0s institui\u00e7\u00f5es p\u00fablicas de ensino (IPE), institutos e esta\u00e7\u00f5es de permacultura Brasil afora. A ideia de fazer uma plataforma digital de troca de saberes em [&hellip;]<\/p>\n","protected":false},"author":3,"featured_media":0,"parent":0,"menu_order":0,"comment_status":"closed","ping_status":"closed","template":"","meta":{"footnotes":""},"coauthors":[20],"class_list":["post-10","page","type-page","status-publish","hentry"],"_links":{"self":[{"href":"https:\/\/redepermacultura.ufsc.br\/ensinandopermacultura\/wp-json\/wp\/v2\/pages\/10","targetHints":{"allow":["GET"]}}],"collection":[{"href":"https:\/\/redepermacultura.ufsc.br\/ensinandopermacultura\/wp-json\/wp\/v2\/pages"}],"about":[{"href":"https:\/\/redepermacultura.ufsc.br\/ensinandopermacultura\/wp-json\/wp\/v2\/types\/page"}],"author":[{"embeddable":true,"href":"https:\/\/redepermacultura.ufsc.br\/ensinandopermacultura\/wp-json\/wp\/v2\/users\/3"}],"replies":[{"embeddable":true,"href":"https:\/\/redepermacultura.ufsc.br\/ensinandopermacultura\/wp-json\/wp\/v2\/comments?post=10"}],"version-history":[{"count":9,"href":"https:\/\/redepermacultura.ufsc.br\/ensinandopermacultura\/wp-json\/wp\/v2\/pages\/10\/revisions"}],"predecessor-version":[{"id":30006,"href":"https:\/\/redepermacultura.ufsc.br\/ensinandopermacultura\/wp-json\/wp\/v2\/pages\/10\/revisions\/30006"}],"wp:attachment":[{"href":"https:\/\/redepermacultura.ufsc.br\/ensinandopermacultura\/wp-json\/wp\/v2\/media?parent=10"}],"wp:term":[{"taxonomy":"author","embeddable":true,"href":"https:\/\/redepermacultura.ufsc.br\/ensinandopermacultura\/wp-json\/wp\/v2\/coauthors?post=10"}],"curies":[{"name":"wp","href":"https:\/\/api.w.org\/{rel}","templated":true}]}}

<p>Bem-vindo à plataforma digital de troca de saberes <strong>Ensinando Permacultura</strong>, um espaço de popularização da permacultura brasileira protagonizado pela Rede Brasileira de Núcleos de Estudos em Permacultura (Rede NEPerma Brasil) vinculados às instituições públicas de ensino (IPE), institutos e estações de permacultura Brasil afora.</p>



<p>A ideia de fazer uma plataforma digital de troca de saberes em permacultura surgiu da demanda de pedidos por materiais e formas pedagógicas de ensino/aprendizagem. Essa demanda se tornou tão expressiva desde o lançamento da primeira edição, que a Rede NEPerma Brasil decidiu oferecer nesse ambiente um compêndio de conteúdos didáticos de livre acesso.</p>



<p>Nesse espaço você encontrará versões com atualização dinâmica de conteúdos que comporão futuras edições de livros, bem como edições já publicadas com conteúdo estático da obra <strong>Ensinando Permacultura</strong>, como a 1ª<a href="https://repositorio.ufsc.br/bitstream/handle/123456789/204906/Ensinando%20Permacultura%20e-book%2018mar2020.pdf?sequence=1&amp;isAllowed=y"> edição</a>, lançada em 2019.</p>



<p class="western">O ambiente aborda a experiência de ensino da permacultura em diferentes níveis:</p>



<ul class="wp-block-list">
<li><strong>O ensino nos moldes do curso de planejamento em permacultura</strong>, baseado na experiência da disciplina “Introdução à permacultura” lecionada desde 2012 na UFSC;</li>



<li><strong>Disciplinas em cursos de graduação</strong>, que traz abordagens sobre a permacultura em disciplinas de graduação de forma integral ou suplementar, mas não se constitui num CPP;</li>



<li><strong>Permacultura na pós-graduação</strong>, onde são apresentadas as formas de abordar o tema ao nível de pós-graduação;</li>



<li><strong>O ensino através da extensão</strong>, que congrega as ações de extensão que desenvolvem ou desenvolveram o ensino de permacultura;</li>



<li><strong>Permacultura na educação básica</strong>, que apresenta processos pedagógicos aplicados ao ensino da permacultura na educação básica.</li>
</ul>


<div class="wp-block-image">
<figure class="aligncenter"><a href="https://redepermacultura.ufsc.br/ensinandopermacultura/wp-content/uploads/sites/3/2021/01/foto_abertura.jpg"><img decoding="async" width="800" height="600" src="https://redepermacultura.ufsc.br/ensinandopermacultura/wp-content/uploads/sites/3/2021/01/foto_abertura.jpg" alt="" class="wp-image-29025" srcset="https://redepermacultura.ufsc.br/ensinandopermacultura/wp-content/uploads/sites/3/2021/01/foto_abertura.jpg 800w, https://redepermacultura.ufsc.br/ensinandopermacultura/wp-content/uploads/sites/3/2021/01/foto_abertura-300x225.jpg 300w, https://redepermacultura.ufsc.br/ensinandopermacultura/wp-content/uploads/sites/3/2021/01/foto_abertura-768x576.jpg 768w" sizes="(max-width: 800px) 100vw, 800px" /></a><figcaption class="wp-element-caption">Formação de professores no CPP para academia ocorrido em 2020.</figcaption></figure>
</div>


<p class="western">Dessa forma, a Rede NEPerma Brasil cumpre seu papel social de democratizar o acesso à informação e à ciência desenvolvidas por meio do ensino, da extensão e da pesquisa, na busca de promover e incentivar o ensino de permacultura.</p>



<p></p>

<p>Bem-vindo à plataforma digital de troca de saberes Ensinando Permacultura, um espaço de popularização da permacultura brasileira protagonizado pela Rede Brasileira de Núcleos de Estudos em Permacultura (Rede NEPerma Brasil) vinculados às instituições públicas de ensino (IPE), institutos e estações de permacultura Brasil afora. A ideia de fazer uma plataforma digital de troca de saberes em [&hellip;]</p>
