{"id":258,"date":"2023-05-08T19:44:51","date_gmt":"2023-05-08T22:44:51","guid":{"rendered":"https:\/\/redepermacultura.ufsc.br\/acolhida\/?page_id=258"},"modified":"2023-05-08T20:07:33","modified_gmt":"2023-05-08T23:07:33","slug":"abertura","status":"publish","type":"page","link":"https:\/\/redepermacultura.ufsc.br\/acolhida\/","title":{"rendered":"Abertura"},"content":{"rendered":"<p>Esse Curso de Planejamento em Permacultura foi originalmente concebido para o p\u00fablico da Associa\u00e7\u00e3o Acolhida da Col\u00f4nia em Santa Catarina. O projeto teve o fomento do <a href=\"https:\/\/www.gov.br\/agricultura\/pt-br\">Minist\u00e9rio da Agricultura e Pecu\u00e1ria<\/a>.<\/p>\n<p>Por ser produzido com recursos p\u00fablicos, o <a href=\"https:\/\/permacultura.ufsc.br\/\">NEPerma\/UFSC<\/a> disponibiliza os conte\u00fados para ampla utiliza\u00e7\u00e3o no processo de populariza\u00e7\u00e3o da permacultura. Assim, voc\u00ea permacultor\/a pode seguir as sugest\u00f5es presentes em cada uma das p\u00e1ginas desse ambiente para aplicar seus ensinamentos.<\/p>\n<h2>Licen\u00e7a de uso<\/h2>\n<figure style=\"width: 220px\" class=\"wp-caption alignright\"><img decoding=\"async\" class=\"size-medium\" src=\"https:\/\/br.creativecommons.net\/wp-content\/uploads\/sites\/30\/2020\/09\/by-nc-sa.jpg\" width=\"220\" height=\"84\" \/><figcaption class=\"wp-caption-text\">Atribui\u00e7\u00e3o-N\u00e3o-Comercial-Compartilha Igual CC BY-NC-SA<\/figcaption><\/figure>\n<p>Esta licen\u00e7a permite que outros remixem, adaptem e criem a partir do seu trabalho para fins <strong><span style=\"color: #ff0000;\">n\u00e3o-comerciais<\/span><\/strong>, desde que atribuam a voc\u00ea o devido cr\u00e9dito e que licenciem as novas cria\u00e7\u00f5es sob termos id\u00eanticos. <a href=\"https:\/\/creativecommons.org\/licenses\/by-nc-sa\/4.0\/legalcode\">Veja mais informa\u00e7\u00f5es<\/a>.<\/p>\n","protected":false},"excerpt":{"rendered":"<p>Esse Curso de Planejamento em Permacultura foi originalmente concebido para o p\u00fablico da Associa\u00e7\u00e3o Acolhida da Col\u00f4nia em Santa Catarina. O projeto teve o fomento do Minist\u00e9rio da Agricultura e Pecu\u00e1ria. Por ser produzido com recursos p\u00fablicos, o NEPerma\/UFSC disponibiliza os conte\u00fados para ampla utiliza\u00e7\u00e3o no processo de populariza\u00e7\u00e3o da permacultura. Assim, voc\u00ea permacultor\/a pode&#8230;<\/p>\n","protected":false},"author":1,"featured_media":0,"parent":0,"menu_order":0,"comment_status":"closed","ping_status":"closed","template":"","meta":{"footnotes":""},"coauthors":[2],"class_list":["post-258","page","type-page","status-publish","hentry"],"_links":{"self":[{"href":"https:\/\/redepermacultura.ufsc.br\/acolhida\/wp-json\/wp\/v2\/pages\/258","targetHints":{"allow":["GET"]}}],"collection":[{"href":"https:\/\/redepermacultura.ufsc.br\/acolhida\/wp-json\/wp\/v2\/pages"}],"about":[{"href":"https:\/\/redepermacultura.ufsc.br\/acolhida\/wp-json\/wp\/v2\/types\/page"}],"author":[{"embeddable":true,"href":"https:\/\/redepermacultura.ufsc.br\/acolhida\/wp-json\/wp\/v2\/users\/1"}],"replies":[{"embeddable":true,"href":"https:\/\/redepermacultura.ufsc.br\/acolhida\/wp-json\/wp\/v2\/comments?post=258"}],"version-history":[{"count":3,"href":"https:\/\/redepermacultura.ufsc.br\/acolhida\/wp-json\/wp\/v2\/pages\/258\/revisions"}],"predecessor-version":[{"id":279,"href":"https:\/\/redepermacultura.ufsc.br\/acolhida\/wp-json\/wp\/v2\/pages\/258\/revisions\/279"}],"wp:attachment":[{"href":"https:\/\/redepermacultura.ufsc.br\/acolhida\/wp-json\/wp\/v2\/media?parent=258"}],"wp:term":[{"taxonomy":"author","embeddable":true,"href":"https:\/\/redepermacultura.ufsc.br\/acolhida\/wp-json\/wp\/v2\/coauthors?post=258"}],"curies":[{"name":"wp","href":"https:\/\/api.w.org\/{rel}","templated":true}]}}